{"id":296,"date":"2012-05-01T08:00:50","date_gmt":"2012-05-01T06:00:50","guid":{"rendered":"http:\/\/xn--hundesalon-raffitckisch-spc.de\/wordpress\/?page_id=296"},"modified":"2018-06-16T13:48:33","modified_gmt":"2018-06-16T11:48:33","slug":"salon-3","status":"publish","type":"page","link":"https:\/\/hundesalon-raffit\u00fcckisch.de\/wordpress\/?page_id=296","title":{"rendered":"Salon"},"content":{"rendered":"<table style=\"height: 333px; width: 890px; text-align: left\" cellspacing=\"2\" cellpadding=\"2\" bgcolor=\"#ffffff\" border=\"0\">\n<tbody>\n<tr>\n<td style=\"vertical-align: top\" width=\"220\"><ul id=\"myGallery_7\" class=\"galleryview\"><li><img decoding=\"async\" src=\"https:\/\/xn--hundesalon-raffitckisch-spc.de\/wordpress\/wp-content\/gallery\/salon\/flur-3.jpg\" alt=\"Salon\" class=\"full\" \/><\/li><li><img decoding=\"async\" src=\"https:\/\/xn--hundesalon-raffitckisch-spc.de\/wordpress\/wp-content\/gallery\/salon\/flur-1.jpg\" alt=\"Flur\" class=\"full\" \/><\/li><li><img decoding=\"async\" src=\"https:\/\/xn--hundesalon-raffitckisch-spc.de\/wordpress\/wp-content\/gallery\/salon\/flur-2.jpg\" alt=\"Flur-2\" class=\"full\" \/><\/li> <\/ul><script type=\"text\/javascript\">\n            jQuery(document).ready(function($) {\n            $('#myGallery_7').galleryView({  show_panels: 1, show_captions: 0, show_filmstrip: 1, panel_width: 600, panel_height: 400, panel_scale: \"nocrop\", transition_speed: 800, transition_interval: 4000, fade_panels: 1, frame_width: 60, frame_height: 40, filmstrip_position: \"bottom\", pointer_size: 8, frame_scale: \"crop\", frame_gap: 5, frame_opacity: 0.3, easing: \"swing\", nav_theme: \"dark\", start_frame: 1, pause_on_hover: 0   });});<\/script><\/td>\n<td style=\"vertical-align: top; text-align: left\" width=\"30\">&nbsp;<\/td>\n<td style=\"vertical-align: top; text-align: left\" width=\"617\"><font color=\"#000000\"><span style=\"font-size: 13px; font-family: arial,helvetica,sans-serif\">In technisch modern und hochwertig ausgestatteten R\u00e4umen<br \/>bietet Ihnen mein Hundesalon Raffit\u00fcckisch eine professionelle <br \/>und exklusive Rundumpflege f\u00fcr Ihren Hund an.<\/p>\n<p><\/span><span style=\"font-size: 13px; font-family: arial,helvetica,sans-serif\">Durch st\u00e4ndige Fortbildungen garantiere ich Ihnen, dass die<\/span><br \/><span style=\"font-size: 13px; font-family: arial,helvetica,sans-serif\">Pflege immer auf dem neusten Wissensstand der<\/span><br \/><span style=\"font-size: 13px; font-family: arial,helvetica,sans-serif\">Groomerbranche zum Wohl Ihres Hundes durchgef\u00fchrt wird.<\/span> <\/p>\n<p><\/font> <\/p>\n<ul style=\"list-style-type: square\">\n<li><span style=\"font-size: 13px\"><span style=\"font-family: arial,helvetica,sans-serif; color: #ff0000\">&nbsp; <a href=\"http:\/\/hundesalon-raffit&uuml;ckisch.de\/wordpress\/?page_id=304\"><font color=\"#ff0000\">Pflegeraum<\/font><\/a><\/span><\/span>\n<li><span style=\"font-size: 13px\"><span style=\"font-family: arial,helvetica,sans-serif; color: #ff0000\">&nbsp; <a href=\"http:\/\/hundesalon-raffit&uuml;ckisch.de\/wordpress\/?page_id=328\"><font color=\"#ff0000\">Empfang und Aufenthaltsraum<\/font><\/a><\/span><br \/><\/span><\/li>\n<\/ul>\n<p>&nbsp;<\/p>\n<\/td>\n<\/tr>\n<\/tbody>\n<\/table>\n<p style=\"text-align: center\"><span style=\"font-size: 13px\"><strong><span style=\"font-family: arial,helvetica,sans-serif\">Ich freue mich, Sie beim Reinschnuppern begr\u00fc\u00dfen zu d\u00fcrfen!<\/span><br style=\"font-size: 13px\"><\/strong><\/span><\/p>\n","protected":false},"excerpt":{"rendered":"<p>&nbsp; In technisch modern und hochwertig ausgestatteten R\u00e4umenbietet Ihnen mein Hundesalon Raffit\u00fcckisch eine professionelle und exklusive Rundumpflege f\u00fcr Ihren Hund an. Durch st\u00e4ndige Fortbildungen garantiere ich Ihnen, dass diePflege immer auf dem neusten Wissensstand derGroomerbranche zum Wohl Ihres Hundes durchgef\u00fchrt &hellip; <a href=\"https:\/\/hundesalon-raffit\u00fcckisch.de\/wordpress\/?page_id=296\">Weiterlesen <span class=\"meta-nav\">&rarr;<\/span><\/a><\/p>\n","protected":false},"author":1,"featured_media":0,"parent":0,"menu_order":2,"comment_status":"closed","ping_status":"closed","template":"onecolumn-page.php","meta":{"ngg_post_thumbnail":0,"footnotes":""},"class_list":["post-296","page","type-page","status-publish","hentry"],"_links":{"self":[{"href":"https:\/\/hundesalon-raffit\u00fcckisch.de\/wordpress\/index.php?rest_route=\/wp\/v2\/pages\/296","targetHints":{"allow":["GET"]}}],"collection":[{"href":"https:\/\/hundesalon-raffit\u00fcckisch.de\/wordpress\/index.php?rest_route=\/wp\/v2\/pages"}],"about":[{"href":"https:\/\/hundesalon-raffit\u00fcckisch.de\/wordpress\/index.php?rest_route=\/wp\/v2\/types\/page"}],"author":[{"embeddable":true,"href":"https:\/\/hundesalon-raffit\u00fcckisch.de\/wordpress\/index.php?rest_route=\/wp\/v2\/users\/1"}],"replies":[{"embeddable":true,"href":"https:\/\/hundesalon-raffit\u00fcckisch.de\/wordpress\/index.php?rest_route=%2Fwp%2Fv2%2Fcomments&post=296"}],"version-history":[{"count":37,"href":"https:\/\/hundesalon-raffit\u00fcckisch.de\/wordpress\/index.php?rest_route=\/wp\/v2\/pages\/296\/revisions"}],"predecessor-version":[{"id":1175,"href":"https:\/\/hundesalon-raffit\u00fcckisch.de\/wordpress\/index.php?rest_route=\/wp\/v2\/pages\/296\/revisions\/1175"}],"wp:attachment":[{"href":"https:\/\/hundesalon-raffit\u00fcckisch.de\/wordpress\/index.php?rest_route=%2Fwp%2Fv2%2Fmedia&parent=296"}],"curies":[{"name":"wp","href":"https:\/\/api.w.org\/{rel}","templated":true}]}}